be f(1). Suppose -n = x*n + 6, -392 = -4*r - 4*n. What is the hundreds digit of r?
1
Suppose -785158 = -22*z + 69098 + 408940. What is the hundreds digit of z?
4
What is the tens digit of 1546289/671 + 6/11?
0
Let v(p) = -9*p + 54. Suppose -2*b = -u + 19, -5*u = -0*u - 5*b - 105. Let r be v(u). Let j = r + 257. What is the tens digit of j?
0
Let r(f) = 3*f + 6. Let v be r(-2). Suppose 60 = 3*g - v. What is the units digit of 5/g - 126/(-8)?
6
Suppose 175*i - 171*i = -4*o + 22804, -3*i + 5697 = o. What is the units digit of o?
3
Let d = -234 - -301. Suppose -d*r - 530 = -68*r. What is the units digit of r?
0
Let q(m) = m**2 + 22*m + 5. Let s be q(-22). Suppose -2*t - 6 = -s*t. Suppose 0*k = -t*k + 210. What is the tens digit of k?
0
Let g(d) = -12802*d**3 - 2*d**2 + 8*d + 11. What is the hundreds digit of g(-1)?
8
What is the units digit of 80/30 + -2 + (-57243)/(-9)?
1
What is the units digit of 19333769/2493 + (0 - (-1)/(9/(-2)))?
5
Suppose 0 = 367*o - 316*o - 1060800. What is the ten thousands digit of o?
2
Suppose 93*r - 178240 = 44588. What is the tens digit of r?
9
Suppose 3*k = -3*g + 57687, 4*g + 32265 = 3*k - 25471. What is the units digit of k?
6
Suppose 155*x - 457974 = -7*x. What is the tens digit of x?
2
Suppose 28*s - 13*s = 11*s. Suppose s = -19*h + 18*h + 5*y + 274, 1346 = 5*h - y. What is the hundreds digit of h?
2
Suppose 5*v = 2*f + 544, 36 + 282 = 3*v - 4*f. Suppose -2*k - 9*k + v = 0. Let r = k - 5. What is the units digit of r?
5
Suppose -29*y + 2459663 = 55*y - 270421. What is the ten thousands digit of y?
3
Let w(v) = 18*v**3 + 6*v**2 - 3*v + 5. Let x(i) = i**2 - 36*i - 73. Let c be x(38). What is the hundreds digit of w(c)?
5
Let p(a) = 21*a + 26. Let i be p(14). Let u = 248 + i. What is the tens digit of u?
6
Suppose 3*p - 15 = -3*b, -31*p = -34*p + b + 23. Suppose p*w - 17*w + 1070 = 0. What is the units digit of w?
7
Let c(u) = -u**2 - 5*u - 4. Let n(k) = k**3 - 21*k**2 + 37*k + 17. Let i be n(19). Let g be c(i). What is the units digit of 1 + 114 + (-10 + 4)/g?
2
Let y = 24274 - 13659. What is the units digit of y?
5
Suppose 6 = 2*x + 5*s, -x - 4*s + 1 = -2. Suppose -2*f = -2*r + 1 + x, 4*f + 5 = 3*r. Let p = 46 + r. What is the units digit of p?
9
Let d = 90 + -84. Let k(m) = -15 + 13 + 8*m + 7*m + d. What is the tens digit of k(11)?
6
Let s(c) = 40*c + 47. Let q(f) = 5*f - 71. Let o be q(15). What is the units digit of s(o)?
7
What is the hundreds digit of 630/180*-83464*6/(-21)?
4
Let q be (40/(-9))/(-1) + (-84)/189. What is the units digit of q*1/2 - (-474)/3?
0
Suppose -3*m = -r - 11792, m + r - 4593 + 657 = 0. What is the tens digit of m?
3
Suppose 4*r + 4*y = -0*y - 8, 4*y + 17 = -r. Suppose r*v - 38 = 7. Suppose -v - 44 = -z. What is the tens digit of z?
5
Let o = -6 - -11. Suppose o*t = -4*d + 1203 + 1442, 4*t - 3*d = 2085. What is the units digit of t?
5
Let f be 4/2 - (5 - 13). Let d be -465*4/f*-1. What is the tens digit of 3 + 5/(15/d)?
6
Suppose -74*n + 109*n = 77525. What is the hundreds digit of n?
2
Let k = 215 - -37. Let b be 2/13 + k/(-117) - -118. Let m = b + -14. What is the units digit of m?
2
Suppose 2*z + 2 = -14. What is the units digit of z/60 + (-35710)/(-75)*1?
6
Let m(t) = 4*t**2 + 30*t + 30. Let p be m(-6). What is the tens digit of 20250/42 - p/(-42)?
8
Let s = 2 + 3. Suppose -5*h + s*w - 347 = -2*h, 5*w = h + 129. Let n = -48 - h. What is the units digit of n?
1
Let t be (9/(-18))/((-23)/22 - -1). Suppose -t*m = -62 + 7. Suppose l + 3*o + 1 - 9 = 0, -m*o = -5*l + 100. What is the units digit of l?
7
Let d = 26887 + -9358. What is the thousands digit of d?
7
Suppose -3*c - 4*p = 8, -p + 12 = -2*c + c. Let v = c - -8. Suppose 15*b - 10*b - 410 = v. What is the units digit of b?
2
Suppose 18*t = 13*t + 25. Suppose t*a + 6*q - 3383 = 2*q, -2*q - 2043 = -3*a. What is the units digit of a?
9
Let m be (-4)/14 + (-4)/(-14) + 22. Let l(g) = 3*g**2 - 38*g - 42. What is the hundreds digit of l(m)?
5
Let r(j) = -83*j + 93. Let p be r(-12). Let i = p + -632. What is the tens digit of i?
5
Let d(z) = 79*z + 29 - 130*z - z**2 + 76*z. Let f be d(16). Suppose 127 = 4*q + 4*h - f, 231 = 3*q + 5*h. What is the tens digit of q?
7
Let a = 98 - 116. What is the hundreds digit of (-26030)/(-105) + a/(-189)?
2
Suppose 4*z - 4 = -g + 20, 4*z - 32 = g. Let y be 1 - ((-28)/(-8))/z*-186. Let w = y - 44. What is the tens digit of w?
5
Suppose 0 = 7*m - 3*m - 364. Let d = -35 + m. What is the units digit of d?
6
Let b(j) = -1385*j - 1432. What is the units digit of b(-17)?
3
Suppose -5*v - 1071 = -4*k, -795 = -11*k + 8*k + v. Suppose 214 = 4*d - 2*j - 38, 0 = 4*d + 4*j - k. What is the tens digit of d?
6
Suppose -7*m = -2*m - 10, -4*o + 4*m = -4. Suppose 3*i = k + 1131, -4*i + 2*i + 747 = -o*k. What is the units digit of i?
8
Let i = -99 - -46. Let l = i - -55. What is the tens digit of -2 + 5 + 8 + l?
1
Let b(l) = l**3 + 73*l**2 - 688*l + 60. What is the units digit of b(-76)?
0
What is the tens digit of (-435411)/(-12) + 18*10/240?
8
Let l be 2627 + (-1)/(-5 + 5 - 1). Let p = l - 902. What is the tens digit of p?
2
Let v(u) = 224*u - 237. What is the ten thousands digit of v(46)?
1
Let g(j) = 4 - 6*j**2 + 11*j**2 - 14*j - 19. What is the hundreds digit of g(7)?
1
Suppose -5*p + 2*o - o = 107, 3*p = -4*o - 78. What is the units digit of (-8)/p + (-1470843)/(-1089)?
1
Suppose -32*h + 17377 - 4876907 = -162*h. What is the hundreds digit of h?
3
Suppose 6*i + 2 - 14 = 0. Suppose -3*q - 2*r + 5 = -r, 10 = i*q + 2*r. Suppose 3*d + 5*p - 68 = q, 0 = -d + 4*p + 12 + 22. What is the units digit of d?
6
Let q = 80 + -55. Suppose 4590 = -q*f + 34*f. What is the hundreds digit of f?
5
Let k(r) = -3*r - 11. Let l be k(-5). Suppose 0*p + p - 1 = 0, -59 = -c + l*p. Let b = -32 + c. What is the units digit of b?
1
Suppose 5*h = -25, -b + 0*h + 10 = -2*h. Suppose -3*q + 5*g - 4 = 0, 0 + 5 = g. Suppose -q*i - 2*i + 567 = b. What is the units digit of i?
3
Let a(n) = -n**2 + n + 40. Suppose 13 = -4*f - 5*w - 7, 0 = -4*w - 16. Let d be a(f). Suppose 96 = 4*u - d. What is the tens digit of u?
3
Let m = 24017 + -3995. What is the tens digit of m?
2
Let q(k) = k**2 + 11 - 14 + 7*k**2 + 28*k. What is the hundreds digit of q(5)?
3
Suppose 82 = -3*m + 1021. Suppose q = 1, -3*v - q + 3*q = -m. Let s = 8 + v. What is the hundreds digit of s?
1
Suppose 17*d - 6*b - 261410 = -2*b, 5*d - 2*b = 76882. What is the tens digit of d?
7
Suppose -42 = -5*t - 5*n + 43, -5*t - n = -97. What is the units digit of -1*(822/15)/((-2)/t)?
8
Let s = 18058 + -5290. What is the thousands digit of s?
2
Suppose -18 = 184*r - 181*r. Let k(u) = -u**3 - 7*u**2 - 5*u + 2. Let h be k(r). What is the tens digit of h/14 - (-7767)/63?
2
Let a(z) = -28*z**2 + 127. Let h(d) = -5*d**2 - d - 1. Let u(v) = a(v) - 6*h(v). What is the thousands digit of u(-31)?
1
What is the ten thousands digit of (23330 - -2) + (-43 - -61)?
2
Suppose 6*n - 788 = 46. Suppose -n = -5*y + 1111. What is the tens digit of y?
5
Let m(z) = 30*z + 9. Let c be m(2). Let g = -60 + c. Suppose -g*p - p = -600. What is the tens digit of p?
6
Let v(d) = 6*d**3 + 5*d**2 + 5*d + 1. Let s be v(-3). Suppose 0 = 8*c - 1329 - 1567. Let q = c + s. What is the tens digit of q?
3
Suppose 0 = 5*d - 15840 - 2865. What is the tens digit of d?
4
What is the units digit of 2*12520/(-30)*(-12)/8?
2
What is the thousands digit of (-621585)/(-21) + (-696)/(-406)?
9
Let x be 120/4*18/15. What is the tens digit of 8/x - (-2 - 7012/36)?
9
Let o = 27690 + -16404. What is the tens digit of o?
8
Suppose 9*w = 3*w + 3708. What is the units digit of w + (11 - (-24)/(-4))?
3
What is the ten thousands digit of (-689*(-4 - -2))/(4/122)?
4
Let f = 350 - 133. Let c = 1950 - 1567. Let u = c - f. What is the units digit of u?
6
Suppose 3*y + 24 = 3*z, -2*z = -3*y - 4 - 16. Suppose -z*j + 8 = -32. What is the units digit of 454/8 - j/(-40)?
7
Let k(d) be the third derivative of -163*d**7/5040 + d**6/144 + 7*d**5/30 + 9*d**2. Let h(p) be the third derivative of k(p). What is the units digit of h(-1)?
8
Suppose 3*n - 2*j + 24 = 0, -2 - 13 = -5*j. What is the hundreds digit of n*3/(-63) - 15177/(-21)?
7
Suppose -5*x + 2862 = 2*x - 3844. What is the hundreds digit of x?
9
Let q(g) = 57*g + 659. What is the tens digit of q(25)?
8
What is